*3 - 5*c**2 - 36*c + 120. Calculate x(6).
-60
Let i(a) = -a**2 + a + 40. Determine i(-4).
20
Let a(r) = -r**3 + 33*r**2 - 259*r - 25. Calculate a(20).
-5
Let a(k) = 57*k**2 + 22*k + 46. What is a(-3)?
493
Let a(p) = p**3 + 22*p**2 - 24*p - 29. Give a(-23).
-6
Let j(u) = -u**3 + 4*u**2 + 32*u + 2. Calculate j(-5).
67
Let u(p) = 129*p**2 - 317*p + 117. Calculate u(2).
-1
Let i(f) = -4*f**3 + 5*f**2 - 5*f - 26. Calculate i(-3).
142
Let q(t) = 4*t**2 - 23*t - 16. Give q(9).
101
Let y(q) = 54*q + 757. Determine y(-14).
1
Let a(t) = 260*t - 4146. Give a(16).
14
Let m(t) = 19*t**3 + 2*t**2 - 3*t - 6. Determine m(-1).
-20
Let q(c) = -1500*c - 3000. Calculate q(-2).
0
Let j(z) = -4*z**3 + 6*z**2 + 18*z - 6. Determine j(-5).
554
Let k(n) = n**3 - 9*n**2 - 125*n + 210. Give k(16).
2
Let q(b) = -2*b**2 + 3*b + 9. What is q(-3)?
-18
Let n(w) = w**2 + 49*w + 539. Give n(-17).
-5
Let j(i) = 397*i - 19448. Determine j(49).
5
Let v(s) = s**3 - 11*s**2 + 36*s - 53. Give v(10).
207
Let a(r) = 6*r + 526. Determine a(-88).
-2
Let r(d) = d**3 - 10*d**2 + 33*d - 30. What is r(5)?
10
Let f(x) = 541*x - 92499. Determine f(171).
12
Let m(s) = s**2 - 20*s + 29. Determine m(6).
-55
Let o(m) = -8*m**2 - 144*m - 519. Give o(-13).
1
Let c(w) = 2*w**3 - 29*w**2 - 55*w + 616. What is c(15)?
16
Let l(c) = -102*c + 778. Determine l(9).
-140
Let q(k) = -63*k**2 - 45*k - 90. What is q(-2)?
-252
Let c(f) = 3*f**3 - 11*f**2 - 14*f + 2. Calculate c(-3).
-136
Let g(c) = -369*c - 733. Give g(-2).
5
Let f(c) = -2*c**2 - 115*c - 332. Determine f(-3).
-5
Let f(i) = i**3 + 101*i**2 - 203*i + 392. Calculate f(-103).
83
Let h(n) = -2*n**3 - 23*n**2 - 76*n + 30. Determine h(-9).
309
Let z(r) = 77*r + 126. Calculate z(-6).
-336
Let k(m) = -m**3 - 2*m**2 - 7*m - 359. Give k(0).
-359
Let v(j) = 3*j**3 - 16*j**2 + 29*j + 15. What is v(5)?
135
Let g(w) = w**3 + 50*w**2 - 179*w - 8953. Determine g(-50).
-3
Let u(x) = -3*x**2 + 163*x - 545. Determine u(46).
605
Let b(t) = -t**2 - 14*t + 358. Give b(13).
7
Let c(v) = -v**3 + 27*v**2 - 28*v - 275. Give c(26).
-327
Let a(x) = 940*x - 28218. What is a(30)?
-18
Let b(w) = 5*w**2 - 90*w - 156. Calculate b(22).
284
Let v(z) = -z**3 + 10*z**2 - 17*z + 8. Determine v(13).
-720
Let u(b) = -b**3 + 49*b**2 + 391*b + 54. Give u(56).
-2
Let q(v) = -92*v - 1932. What is q(-21)?
0
Let z(x) = x**3 + 39*x**2 + 335*x - 113. Determine z(-13).
-74
Let q(u) = 8*u + 61. Calculate q(-10).
-19
Let f(h) = 37*h**2 + 383*h - 190. Give f(-11).
74
Let y(q) = -2*q**3 + 16*q**2 - q + 180. What is y(9)?
9
Let o(b) = b**2 + 963*b - 9729. Give o(10).
1
Let n(u) = -u**3 - 20*u**2 + 1025*u + 19833. Calculate n(-19).
-3
Let o(r) = -15*r + 472. Calculate o(32).
-8
Let y(h) = -4*h**3 - 768*h**2 - h - 214. What is y(-192)?
-22
Let b(g) = -g**2 - 72*g + 308. What is b(4)?
4
Let m(v) = 142*v + 470. What is m(-3)?
44
Let x(f) = 2*f**3 + 2*f**2 - 3*f - 18. Determine x(-5).
-203
Let s(w) = 2*w**2 - 771*w + 41155. What is s(64)?
3
Let j(a) = 22*a**2 + 28*a + 23. Give j(-1).
17
Let p(c) = c**2 + 2*c + 167. Determine p(0).
167
Let j(i) = -i**2 + 26*i + 72. Give j(28).
16
Let p(r) = -r**2 + 5*r - 11. Determine p(-10).
-161
Let h(j) = 2*j**3 - 19*j**2 + 11*j + 3. Determine h(9).
21
Let i(j) = 2*j**3 - 13*j**2 - 527*j + 3617. Give i(7).
-23
Let l(u) = u**3 - 20*u**2 + 49*u - 984. Calculate l(20).
-4
Let a(t) = -t**2 - 23*t + 82. Determine a(-26).
4
Let z(s) = s**3 - 21*s**2 - 69*s - 56. What is z(24)?
16
Let o(p) = 184*p + 1037. Give o(-7).
-251
Let o(d) = -d**3 + 82*d**2 + 82*d + 80. Calculate o(83).
-3
Let g(h) = 26*h**3 - 5*h**2 - 9*h - 13. Determine g(-2).
-223
Let f(l) = -133*l + 1041. What is f(8)?
-23
Let s(p) = -57*p - 1239. What is s(-20)?
-99
Let z(w) = 182*w + 6013. Give z(-33).
7
Let l(h) = -h**3 - 12*h**2 - 16*h - 13. Calculate l(-10).
-53
Let n(x) = -x**3 - 2*x**2 + 27*x - 77. Give n(4).
-65
Let k(h) = h**2 + 22*h - 353. Calculate k(-38).
255
Let b(x) = 194*x + 3002. What is b(-17)?
-296
Let u(q) = -4*q**2 - 114*q - 55. Determine u(-28).
1
Let x(g) = -4*g**3 + 13*g**2 - 30*g + 24. Give x(6).
-552
Let d(z) = 3*z**3 + 45*z**2 - 46*z - 13. Determine d(-16).
-45
Let q(v) = -12*v**2 - 318*v - 157. Determine q(-26).
-1
Let i(h) = 15*h**2 - 142*h + 27. Calculate i(7).
-232
Let c(j) = -5*j**2 - 13*j + 32. Give c(3).
-52
Let m(t) = 230*t**3 - 4*t**2 + 26*t - 24. Determine m(1).
228
Let h(n) = 343*n - 9956. What is h(29)?
-9
Let x(t) = 18*t**2 + 187*t - 68. Calculate x(-11).
53
Let p(z) = 70*z - 397. Calculate p(6).
23
Let f(g) = 539*g + 18872. Calculate f(-35).
7
Let k(c) = 243*c - 3665. Calculate k(15).
-20
Let f(o) = 4*o**2 + 59*o + 165. Calculate f(-11).
0
Let b(c) = 11*c - 37. Determine b(4).
7
Let f(d) = d**3 + 8*d**2 - 15*d + 9. Calculate f(-10).
-41
Let r(z) = 2*z**3 - 537*z**2 - 4713*z + 1103. Calculate r(277).
-5
Let s(n) = -31*n + 371. Determine s(12).
-1
Let y(j) = 3*j**2 - 6*j + 9. Calculate y(3).
18
Let d(s) = -31*s**2 - 157*s - 11. What is d(5)?
-1571
Let h(n) = 17*n**2 + 146*n - 483. Determine h(-11).
-32
Let c(f) = -22*f - 1237. Determine c(-62).
127
Let n(m) = 4*m**2 + 286*m - 81. Calculate n(-72).
63
Let i(q) = q**3 - 8*q**2 - 60*q + 380. Calculate i(6).
-52
Let d(k) = -k**3 - 80*k**2 - 207*k + 1850. Calculate d(-77).
2
Let f(v) = v**3 + 9*v**2 + 8*v - 14. Calculate f(-7).
28
Let s(p) = -p**3 - 9*p**2 + 7*p + 144. What is s(0)?
144
Let l(h) = -2*h**2 - 60*h + 76. Give l(-31).
14
Let s(l) = -l**3 + 163*l**2 - 767*l - 3635. Determine s(158).
-1
Let l(z) = -112*z + 4101. Give l(37).
-43
Let i(m) = -21*m + 60. Determine i(-4).
144
Let c(n) = -1547*n + 17006. What is c(11)?
-11
Let c(g) = -g**2 + 398*g + 5822. Calculate c(-14).
54
Let s(j) = -302*j - 2438. Give s(-8).
-22
Let p(j) = 2*j**3 - 46*j**2 - 208*j - 9. What is p(27)?
207
Let u(s) = 4*s**2 + 6*s - 10. Give u(-3).
8
Let n(a) = -2*a**3 + 10*a**2 - 22*a - 22. Calculate n(5).
-132
Let k(u) = 5*u - 298. Give k(-5).
-323
Let a(t) = 8*t**2 - 134*t - 668. Determine a(-4).
-4
Let s(d) = d**2 - 421*d + 3314. Give s(8).
10
Let x(b) = b**3 - 10*b**2 + 100*b - 672. Give x(8).
0
Let s(n) = -208*n - 41164. Calculate s(-198).
20
Let v(q) = -41*q**2 - 126*q + 9. Determine v(-3).
18
Let j(w) = w**3 + 29*w**2 - 564*w - 16573. Give j(-28).
3
Let h(v) = -v**2 + 28*v + 51. Calculate h(24).
147
Let b(y) = 1793*y + 5418. Give b(-3).
39
Let w(c) = -20*c**3 - 5*c**2 - 12*c - 4. Give w(-3).
527
Let y(u) = -14*u + 1004. Determine y(72).
-4
Let z(i) = -2*i**3 - 2*i + 86. Give z(4).
-50
Let b(p) = -p**2 - 57*p - 419. Give b(0).
-419
Let f(k) = -59*k - 944. What is f(-16)?
0
Let b(z) = 29*z + 70. Give b(-3).
-17
Let s(y) = y**2 + 11*y + 29. Calculate s(-16).
109
Let u(x) = x**3 + 95*x**2 - 281*x + 1245. What is u(-98)?
-29
Let z(i) = -i**2 - 3681*i + 22113. Determine z(6).
-9
Let y(p) = 79*p - 2784. Give y(36).
60
Let x(o) = 10*o**2 + 5*o + 5. Give x(1).
20
Let i(u) = -15*u**2 - 79*u + 10. What is i(-5)?
30
Let a(f) = -8642*f + 8662. Calculate a(1).
20
Let x(l) = -4569*l - 27452. Give x(-6).
-38
Let k(p) = -36*p + 684. Determine k(24).
-180
Let y(f) = -5*f + 5. Determine y(-2).
15
Let d(f) = -25*f - 1552. Calculate d(-62).
-2
Let c(o) = 2*o**2 + 42*o - 28. Give c(-22).
16
Let d(p) = p**3 + 36*p**2 + 133*p - 73. Give d(-5).
37
Let s(i) = -2*i**2 - 30*i - 3. What is s(-14)?
25
Let l(d) = -d**3 - 73*d + 26. Calculate l(0).
26
Let t(k) = -k**3 - 2*k - 1. Calculate t(-2).
11
Let k(o) = -o**3 - 14*o**2 - 42*o - 581. Calculate k(-14).
7
Let g(u) = 57*u - 1816. Give g(29).
-163
Let a(i) = 197*i**2 - 2*i - 2. Calculate a(-1).
197
Let j(r) = -r**3 - 2*r**2 - 233*r - 702. Determine j(-3).
6
Let n(x) = 182*x**3 - 2*x**2 + x + 1. Calculate n(-1).
-184
Let n(b) = -1473*b - 11779. What is n(-8)?
5
Let t(a) = -87*a - 348. Calculate t(-4).
0
Let o(n) = 8*n**2 + 49*n + 8. Give o(-5).
-37
Let d(q) = 43*q**2 + 1808*q + 78. What is d(-42)?
-6
Let v(q) = -7*q**3 - q**2 + 58*q + 6. What is v(0)?
6
Let h(w) = -w**3 + 3*w**2 + 47*w + 8. Calculate h(0).
8
Let s(k) = 3*k**2 - 260*k + 441. Calculate s(85).
16
Let n(g) = -2*g**2 + 292*g - 6038. Calculate n(25).
12
Let t(g) = -937*g + 23480. Calculate t(25).
55
Let m(s) = 3*s**2 + 24*s + 38. What is m(-5)?
-7
Let f(p) = -3*p**2 - 66*p - 47. What is f(-21)?
16
Let o(j) = -89*j + 1329. What is o(15)?
-6
Let h(s) = -s**2 + 103*s +